2 - 7*h + 4. Let u be j(5). What are the prime factors of -18*-2*(-1)/u?
2, 3
Let d be (-120)/54 + 4/18. Let h be (1 - 1) + (-2)/d. What are the prime factors of (-10)/5 - (h - 9)?
2, 3
Let z be (0/(-1))/(-1) - -4. What are the prime factors of (34/8)/(z/16)?
17
Let k = 10 + -6. Let g(b) = -5 + b**3 - 3*b + 6*b**2 + 0 + k - 5. What are the prime factors of g(-6)?
2, 3
Let w be (-2)/(-10) - (-6)/(-30). Suppose 3*i - i - 66 = w. What are the prime factors of i?
3, 11
Suppose 2 = 4*n - 14. Suppose -a + 2*a - 3*l + 3 = 0, -n*l + 16 = 0. Let c = a + -2. What are the prime factors of c?
7
Suppose 330 = 5*q + 5*m, -q - 4*m + m + 72 = 0. List the prime factors of q.
3, 7
Suppose 0 = -5*i + 323 + 172. What are the prime factors of i?
3, 11
Suppose 4*x = -2*n, 7*x = -5*n + 4*x + 14. Suppose -70 = -t - n*t. List the prime factors of t.
2, 7
Let f = -22 + 25. What are the prime factors of f?
3
Suppose -2*t + 1 = -5*w, -4*w + 3*w = -5. List the prime factors of t.
13
Let a = 92 + -17. Suppose 4*q - 4*v - 132 = 0, 2*q = -0*v - v + a. What are the prime factors of q?
2, 3
Let v be 2/(-12) - 4034/(-12). List the prime factors of 2/(-3) + v/18.
2, 3
Suppose -4*b + 9*b + c = -65, -b + 3*c - 13 = 0. Let d = b + 24. What are the prime factors of d?
11
Suppose -3*f + 4*f = 24. What are the prime factors of f/10 + (-2)/5?
2
Suppose -n = -2*k - 31 - 20, -5*k = 3*n - 131. Suppose -2*t + 3*h + n = 0, t + 2*h = h + 16. What are the prime factors of t?
19
Suppose 3*k - 63 = 183. List the prime factors of k.
2, 41
Suppose -21 = -3*g + q, 2*g - 7 = g - 5*q. Suppose 5*r - g*r + 26 = 0. List the prime factors of r.
13
Suppose -4*a = -a - 9. Suppose -5*h = -22 - a. What are the prime factors of h?
5
Suppose 36 = 26*x - 30*x. What are the prime factors of (3/x)/(1/(-57))?
19
Suppose -l + 14 = 3*i, -i + l + 6 = -0*l. Suppose 5*k = -i*c + 15, 2*k = 2*c + k - 9. Suppose -2*j = -0*j - c. List the prime factors of j.
2
Let x be (-6)/1*(-3 + 4). Let v be (3/x)/(1/12). Let a = v + 11. What are the prime factors of a?
5
Let p be (-19 + 4/2)/1. Let x = p - -11. Let f = x - -9. What are the prime factors of f?
3
Suppose -5*l + 6 = -9. Suppose -l*r - 18 = 30. Let s = 27 + r. List the prime factors of s.
11
Let g(d) = -2 - d + 2 + 4*d**2. Let k be g(-1). Suppose -k*q + 44 = 3*l, l = q + 5*l - 19. List the prime factors of q.
7
Let k(c) = -c**3 + 19*c**2 - 16*c - 4. List the prime factors of k(18).
2
Let q = -27 + 41. List the prime factors of q.
2, 7
Suppose 2*c - t - 416 = -2*c, 0 = -5*c - 2*t + 507. List the prime factors of c.
103
Let h = 393 - 145. What are the prime factors of h?
2, 31
Let l = -67 + 129. List the prime factors of l.
2, 31
Suppose 3*z - 51 = -0*z. What are the prime factors of z?
17
Suppose 2*w + 3*w - 50 = -5*u, 0 = w + 3. Let p = -12 + 4. Let d = u + p. List the prime factors of d.
5
Let g(z) = -z**3 - 3*z**2 + 2*z - 2. Let a = 3 - 15. Let n = 8 + a. What are the prime factors of g(n)?
2, 3
Let m = 19 - 25. Let c = 15 + m. What are the prime factors of c?
3
Let w(f) = -f**2 + f - 1. Let q(h) = h - 49. Let r(b) = -q(b) + 2*w(b). What are the prime factors of r(0)?
47
Let r be -3*1*(-4)/12. Suppose 4*z - 65 = -r. List the prime factors of z.
2
Let c = -50 - -210. What are the prime factors of c?
2, 5
Suppose -o + 0*o + 6 = 0. What are the prime factors of 4/o + 14/6?
3
Let c = 137 + -37. Suppose -c = -4*o - 0*o. What are the prime factors of o?
5
Let s(v) be the first derivative of -11*v**2/2 + 1. What are the prime factors of s(-1)?
11
Let x(n) = n**2 + 6*n - 4. List the prime factors of x(3).
23
Let o(m) = -m**3 + 13*m**2 - 15*m + 19. List the prime factors of o(9).
2, 13
Let f = -1 - -11. What are the prime factors of f?
2, 5
Suppose 9*f - f - 200 = 0. What are the prime factors of f?
5
Let n(h) = h + 31. Let z(w) = 2*w + 61. Let d(b) = 5*n(b) - 2*z(b). What are the prime factors of d(0)?
3, 11
Let s(z) = -9*z**3 - z**2. Let a be s(-1). What are the prime factors of (14/a)/((-2)/(-16))?
2, 7
List the prime factors of 16/(-4 + 8) + 85.
89
Suppose 0 = -z - 2*z + 45. Let j = z - 13. List the prime factors of j.
2
Let k(z) be the first derivative of z**4/4 + 4*z**3/3 - z**2/2 - 3*z - 2. What are the prime factors of k(-3)?
3
Let h be 2 - 2/4*0. Let g(z) = -z**h - 4*z + 7*z + 5*z. List the prime factors of g(7).
7
List the prime factors of (1 + -41)/(4 + -5).
2, 5
Suppose -4*g + 9 = 1. Let q be 10 + (2 - 1*4). Let v = g + q. What are the prime factors of v?
2, 5
Let n(c) = 2 - 5 - 8*c + 0. Let k be n(-3). Suppose 2*s + 7 = 2*u - 5, -2*s - k = -5*u. List the prime factors of u.
3
Let u(n) = -6*n**3 - 2*n**2 - 14*n - 2. What are the prime factors of u(-3)?
2, 23
Let z(s) = s**2 + 5. Let c(o) = -5*o**3 + o**2 - o. Let n be c(1). What are the prime factors of z(n)?
2, 3, 5
Suppose 0*k - 52 = -2*k. List the prime factors of k.
2, 13
Let a = 4 + 3. Suppose -a = 4*s + 1. List the prime factors of s/3 + (-58)/(-6).
3
Let j(u) = u**3 - 6*u**2 + 6*u + 6. What are the prime factors of j(5)?
11
List the prime factors of 75 - (1 - 3) - (0 + -1).
2, 3, 13
Suppose 4*f - w - 111 = 0, 5*f - 2*w = 2*f + 87. Let l = -10 + f. What are the prime factors of l?
17
Suppose -3*k + 7*k = 0. Suppose j - 5*t - 11 = k, j = -3*j - 3*t + 21. List the prime factors of 48/20 - j/15.
2
Let s(q) = 2*q**2 + 5*q - 3. Let d be s(-7). Suppose g = 6*g - d. List the prime factors of g.
2, 3
Suppose -c - 2*c + 4*y - 29 = 0, -5*c = -y + 20. Let f = 3 + c. Suppose f*h = -3*h + 18. List the prime factors of h.
2, 3
Let m(b) = b**2 + 2*b - 3. Let p be m(2). Suppose -2*g - p = -21. What are the prime factors of g?
2
Let n(y) = y + 10. Let w be n(-7). Let t be (-30)/(-9) + w/(-9). Suppose 52 = k + t*k. List the prime factors of k.
13
Suppose 5*n + 3*t - 345 = 0, -4*n + t + 410 - 134 = 0. List the prime factors of n.
3, 23
Suppose -2*g = 4*x - 32, g + 3*x + 36 = 2*g. Suppose -4 = 4*n + 2*o - 26, -5*n + o = -31. Suppose -n*b = -2*b - g. List the prime factors of b.
2, 3
Let h(v) = v**3 + 3*v**2 - 4*v + 4. Let c be h(-4). Let a(n) = n**2 - n - 2. List the prime factors of a(c).
2, 5
Let d(c) = 5*c - 16. What are the prime factors of d(6)?
2, 7
Suppose 3*c + 0 = -6. What are the prime factors of (-4)/c + 96/4?
2, 13
Suppose -q - 2*q = -114. What are the prime factors of q?
2, 19
Let i(p) = -p**3 + 3*p**2 - p + 1. Let g be i(2). Suppose 3*a = -g + 15. Suppose a*v = 23 - 3. What are the prime factors of v?
5
Let u be (-8)/12 + (-12)/9. Let g be -15 + 0 - (-1 + 1). List the prime factors of (u + g/(-6))*24.
2, 3
Let v(r) = -r**3 + r**2 - r. Let q be v(1). Let h(s) = -22*s**3 + 2*s**2 + s. List the prime factors of h(q).
23
Let q(p) = -2*p**3 - 4*p**2 - 4*p - 3. Let z be q(-2). Suppose 3*a - 23 = -s - 0*s, -z*s + 65 = 5*a. What are the prime factors of s/(3 + 10/(-4))?
2
Let b(p) = -p**2 + 5*p - 4. Let j be b(3). Suppose -w + j = -1. Suppose -10 = -w*s + 5. What are the prime factors of s?
5
Let w = 5 + -1. Let y(r) = -5*r + 1. Let x be y(w). Let i = -7 - x. What are the prime factors of i?
2, 3
Let g = -33 - -67. List the prime factors of g.
2, 17
Let w be 3/(2 + 14/(-8)). Suppose -3*i + i = -w. What are the prime factors of i?
2, 3
Suppose 593 = 5*b - 4*g, 0 = 4*b - b - 2*g - 355. List the prime factors of b.
3, 13
Suppose 5*i - p = 91, -4*i + 64 = 4*p - 7*p. What are the prime factors of i?
19
Suppose 5*l = -0*l. Let j be -5 + 4 + (l - -1). Let s(u) = -u + 13. List the prime factors of s(j).
13
Suppose -4*h = -8, -3*v - 2*h + 15 = h. Suppose d = -0*d - 4*l + 14, -3*d + 24 = 3*l. Suppose -3 - d = -v*r. List the prime factors of r.
3
What are the prime factors of 2*((-156)/(-8) + 4)?
47
Let f be (-66)/(-4) + (-2)/4. Suppose -5*z = -n - 9 - f, -5*z = -4*n - 25. List the prime factors of z.
5
List the prime factors of (-86 - 1)*7/(-21).
29
List the prime factors of -3*13*(-5 - -4).
3, 13
Let r(a) = -a**3 + 8*a**2 - 7*a + 5. Suppose -2*p = -0 - 14. List the prime factors of r(p).
5
Let s = 36 - 30. Suppose -i + 3*i = -6. Let y = s - i. List the prime factors of y.
3
Let q(r) = -r**3 + r**2 - r + 3. Let g be q(0). Suppose 5*f - 12 = -g*c, -6*c + 2*c + f = -16. What are the prime factors of c?
2
Let u = 60 + -39. Let n = u - 9. What are the prime factors of n?
2, 3
Let h be (-6)/12 + (-14)/4. Let l be -4*(2 + (-1)/h). What